se 0 = 2*p - 3*m - 24, y = -4*m + 6 + 10. What is the greatest common divisor of 18 and p?
18
Suppose -2*g + g = -13. Suppose g = s - 5. What is the highest common divisor of s and 45?
9
Let d be 5/(-2 + (-3)/(-1)). Let q(i) = -i**3 + 4*i**2 + 6*i + 3. Let b be q(d). Calculate the greatest common factor of 32 and b.
8
Suppose 5*m - 84 = -2*m. Calculate the highest common divisor of 144 and m.
12
Let q = 1 + 1. Let f be q/(-5) + (-714)/15. Let y be (12/(-16))/(2/f). Calculate the greatest common divisor of y and 12.
6
Let n be 2/2 + 1 + 0. Let c(g) = -n*g - 3*g - g - 8. Let w be c(-8). What is the greatest common factor of 10 and w?
10
Let v(z) = -9*z + 1. Let b be v(2). Let n = -8 - b. Calculate the greatest common factor of 36 and n.
9
Suppose 4*i = -5*o + 26, i - 3*o = 3*i - 12. Calculate the highest common factor of i and 54.
9
Let l(w) = w**2 - 4*w + 4. Let p be l(3). Let x be ((-3)/9)/(1/(-6)). What is the greatest common divisor of x and p?
1
Suppose 5*q - 3*g - 51 = -2*g, -2*g = -5*q + 52. Suppose 0*b - 150 = -3*b. Calculate the greatest common divisor of q and b.
10
Let c = 100 - 37. What is the highest common divisor of 9 and c?
9
Let x(o) = o**3 - 5*o**2 + o - 5. Let s be x(5). Suppose 0 = -s*p - 2*p + 6. Let g = -1197 + 1218. Calculate the highest common divisor of g and p.
3
Let n(a) = a**2 + 7*a + 7. Let s be n(-6). Calculate the greatest common factor of 1 and s.
1
Let m(q) = 4*q**2 + 7*q + 6. Let x be m(-7). Suppose h = -2*h + x. Suppose 5*f - s = 119 + h, 2*s = 10. What is the highest common divisor of f and 5?
5
Let r be (-4)/6 - (-1491)/9. Suppose 4*b - 4*h = 36, b - 3*h - 55 = -4*b. Suppose -f + b + 1 = 0. What is the greatest common factor of r and f?
15
Suppose 2*k - 4*k - 4*c = -68, 3*c + 33 = 2*k. Let f(u) = u**3 + 6*u**2 + 3*u - 7. Let n be f(-5). What is the greatest common factor of n and k?
3
Let n(m) = 30*m. Let q = -9 - -8. Let k = q - -2. Let s be n(k). Calculate the highest common factor of 45 and s.
15
Let v = -34 - -50. Let j(r) = -r**3 + 10*r**2 - 11*r + 11. Let q be j(9). Let a = q + v. Calculate the highest common divisor of 1 and a.
1
Let n(g) = g**2 - 2*g - 6. Let u be n(6). Let w = -10 + u. Calculate the highest common factor of w and 64.
8
Let t = -1 + 14. Calculate the highest common factor of 39 and t.
13
Let s = 73 + -44. What is the highest common factor of s and 145?
29
Let i(q) be the third derivative of -q**6/120 + 3*q**5/20 + q**3/6 + q**2. Let k be i(8). Calculate the highest common factor of 26 and k.
13
Let g = 22 + -11. Calculate the highest common factor of g and 77.
11
Suppose -11 = -4*m - 4*u + 29, 3*m + 4*u = 35. What is the greatest common divisor of 1 and m?
1
Let i(k) = 44*k - 1. Let x be i(-4). Let f be (-12)/((12/(-26))/(-3)). Let w = f - x. Calculate the highest common divisor of 11 and w.
11
Let b = 43 - 27. Let w be (-16)/72 + (-20)/(-9). What is the highest common factor of b and w?
2
Let n(s) = s**2 - 2*s - 8. Let f be n(9). Calculate the greatest common divisor of 33 and f.
11
Let a be 0/2 - (3 - 10). Calculate the highest common divisor of 35 and a.
7
Let t(p) = -p - 5. Let f be t(-8). Suppose f*v + 72 = 4*v. What is the highest common factor of 48 and v?
24
Suppose 2*g + 90 = 4*g. Let x(q) = 5*q + 69. Let b be x(-12). Calculate the greatest common factor of b and g.
9
Let y be (5/10)/((-1)/2). Let f be -2 + y + 16 + 2. What is the highest common divisor of 10 and f?
5
Let t be (138/8 - -1)*4. Suppose -5*u + 21 + 4 = 0. Suppose u*x + o - 91 = 0, 4*x = -o - 0*o + t. Calculate the highest common divisor of 12 and x.
6
Suppose f = 3*y - 26, 33 = 3*y + 4*f - 13. Calculate the greatest common factor of y and 4.
2
Let y be (-6)/(-8)*56/2. Calculate the highest common divisor of y and 84.
21
Suppose y + y = 6, 2*y + 24 = 3*n. Calculate the highest common divisor of 40 and n.
10
Let b be (-174)/(-54) - 4/18. Let t = -33 + 60. Calculate the greatest common factor of b and t.
3
Let k be (-133)/(-2) - 1/2. What is the greatest common divisor of k and 22?
22
Suppose -r + 5*r = -16. Let c be -1*1 - (r + -27). Calculate the greatest common divisor of 75 and c.
15
Suppose -p = 4*p - 45. Let w(c) = 13*c**3 - 2*c**2 + c + 1. Let n be w(2). What is the greatest common divisor of p and n?
9
Suppose 2*m + p - 703 = 0, 2*p + 697 = 2*m + p. Suppose 0*j = 5*j - m. Calculate the greatest common factor of 28 and j.
14
Suppose -k + 2*a + 5 = 0, 2*k + a = 3*a + 8. Let f = -1 - 5. Let v(b) = b**2 + 6*b + 15. Let m be v(f). What is the highest common factor of k and m?
3
Let f be 1*(-1 + 0 - -1). Suppose -2*m = -f - 4. Let k be 20 - -1*(m - 1). Calculate the highest common divisor of k and 14.
7
Let p(w) = w + 19. Let z be p(0). What is the highest common divisor of 209 and z?
19
Suppose -36 = -0*s + 2*s. Let c be (s/15)/((-6)/40). Suppose 5*d + 3*b - 26 = 0, -d - 5*b - c = -22. Calculate the greatest common divisor of 6 and d.
2
Suppose -f + 7 = -0*f. What is the highest common factor of f and 49?
7
Suppose -l - n = -17, -18 = -l - 5*n - 5. What is the highest common divisor of 144 and l?
18
Let b(l) = 10*l - 29. Let z be b(5). Calculate the greatest common factor of 147 and z.
21
Suppose 4 = -4*n, 3*v + 3*n - 67 = 7*n. Let a be ((-2)/(-6))/(3/63). What is the highest common divisor of v and a?
7
Let z be 234/57 - (-2)/(-19). Let d(q) = -q**2 + 7*q - 6. Let a be d(5). Calculate the highest common divisor of z and a.
4
Let d = 0 + 2. Let s = -4 - -16. Suppose d = -2*x + s. What is the highest common divisor of 20 and x?
5
Let x be (-80)/(-2) - (0 - 2). Suppose -2*k - 5*a + 121 = 0, -5*a + 4*a = 2*k - 125. What is the highest common factor of k and x?
21
Suppose 3*i + 1 = 4, -5*f + 4*i + 161 = 0. Calculate the greatest common divisor of f and 22.
11
Suppose 40 = l + l. Let q = l + -4. Calculate the greatest common factor of q and 176.
16
Let g(x) = 2*x**2 - 3*x - 5. Let n be g(-10). Calculate the highest common divisor of n and 25.
25
Let n be 48*((-7)/4 - (0 - 4)). What is the highest common divisor of 12 and n?
12
Suppose 5*z = 2 + 58. Suppose 4*d + m = 2*d + 10, 3*d - 15 = 3*m. Suppose -24 = -d*c + 3*c. Calculate the highest common factor of c and z.
12
Suppose -4*w = -3*w. Suppose w = 3*m - 10 - 11. Suppose -119 = -2*u - m. Calculate the greatest common divisor of 7 and u.
7
Let j = 121 + -79. Suppose x = -2*x + j. Suppose 0 = 5*k + 4*i - 35, -x = -2*k + i - 2*i. Calculate the highest common factor of 49 and k.
7
Let k(n) = -n**3 + 8*n**2 - 7*n + 2. Let f be k(7). Suppose 4*q = 2*p + 40, 0 = 3*q - 4*q + 3*p + 10. Calculate the greatest common factor of q and f.
2
Let l = -327 - -474. What is the highest common factor of l and 21?
21
Let h(z) = -9 + 0 + 0*z + 2*z. Let c be h(7). Suppose 0 = -3*r + c*r + k - 15, r - 4*k = 12. Calculate the highest common factor of 1 and r.
1
Let g be 3 + -1 - (-6)/(-3). Suppose g = 3*f - 4 - 26. Calculate the greatest common factor of 110 and f.
10
Suppose -j + 3*m = -4, m = 4*j - 3*m - 56. Calculate the greatest common divisor of 152 and j.
19
Let i(m) = -35*m - 66. Let x be i(-6). What is the highest common factor of x and 16?
16
Let s = 73 - 41. Suppose 8*r + 66 = 11*r. Suppose -g - 6 = -x, 2*x + r = 4*x + 3*g. Calculate the highest common factor of s and x.
8
Let j(w) = -w**2 + 6*w + 2. Suppose 0 = 4*x - 16 - 0. Let a be j(x). Let r = -3 - -7. What is the greatest common divisor of a and r?
2
Let j be 8/(-3 + 7)*16. What is the greatest common factor of j and 48?
16
Suppose -13*v + 168 = -6*v. Calculate the greatest common divisor of v and 32.
8
Let k(l) = l - 2. Let y be k(8). What is the highest common factor of 6 and y?
6
Let k be (4/10 + 0)*60. Let p(a) = 2*a**2 - 4*a + 3. Let x be p(6). Let d = x - k. Calculate the highest common divisor of d and 9.
9
Suppose 17*q - 15*q - 70 = 0. What is the highest common divisor of 14 and q?
7
Let i = 159 + -117. Calculate the greatest common factor of 105 and i.
21
Suppose 2*f = 3*m - 39, 3*m - 2*f + 5*f - 24 = 0. What is the highest common divisor of 55 and m?
11
Suppose 0 = 2*d - 6 - 18. Let c = 1 - 2. Let i be (108/(-1))/(c/1). Calculate the greatest common factor of d and i.
12
Let y = 67 - 62. Let h(z) = z**2 + 7*z. Let o be h(-7). Let w be -1*(o + -1 + -14). What is the highest common divisor of w and y?
5
Let g b